{"id":13565,"date":"2022-07-08T11:14:10","date_gmt":"2022-07-08T09:14:10","guid":{"rendered":"https:\/\/srab.brussels\/?post_type=product&#038;p=13565"},"modified":"2022-07-08T11:14:10","modified_gmt":"2022-07-08T09:14:10","slug":"tome-59-1994","status":"publish","type":"product","link":"https:\/\/srab.brussels\/index.php\/produit\/tome-59-1994\/","title":{"rendered":"Tome 59 &#8211; 1994"},"content":{"rendered":"<p><strong>Annales de la Soci\u00e9t\u00e9 royale d\u2019Arch\u00e9ologie de Bruxelles\u00a0 \u2013 tome 59 \u2013 1994<\/strong><\/p>\n<p>LES FOUILLES R\u00c9CENTES DE LA SOCI\u00c9T\u00c9<\/p>\n<ul>\n<li>Avant propos<\/li>\n<li><em>Une page de la vie de la Soci\u00e9t\u00e9 en 1913<\/em><\/li>\n<li>I. <em>Le site bruxellois dans la pr\u00e9histoire<\/em><\/li>\n<li>Michel FOURNY, <em>La d\u00e9couverte (1)<\/em><\/li>\n<li>Paul HAESAERTS, <em>Stratigraphie (2)<\/em><\/li>\n<li>Jean HEIM, <em>\u00c9tude palynologique (3)<\/em><\/li>\n<li>B. Les tourbes de la place de l\u2019Yser<\/li>\n<li>Michel FOURNY, <em>La d\u00e9couverte (1)<\/em><\/li>\n<li>Jean HEIM, <em>\u00c9tude palynologie (2)<\/em><\/li>\n<li>II. Michel FOURNY, <em>Deux vases m\u00e9di\u00e9vaux provenant du quartier de la Bourse\u00a0? <\/em>III. <em>Entre Grand-Place et Saint-Nicolas\u00a0: un pelletier et un potier bruxellois de la fin du\u00a0 <\/em><em>moyen \u00e2ge<\/em><\/li>\n<li>Michel FOURNY, <em>Localisation (A)<\/em><\/li>\n<li>Michel FOURNY, <em>Les fouilles de la cave n\u00b024, rue au Beurre (B)<\/em><\/li>\n<li>Michel FOURNY, <em>Stratigraphie et vestiges (1)<\/em><\/li>\n<li>Ren\u00e9 BORREMANS et Michel FOURNY<em>, Mat\u00e9riel<\/em> <em>arch\u00e9ologique (2) <\/em><\/li>\n<li>Michel FOURNY, <em>Les fouilles du n\u00b0 26, rue au Beurre (C)<\/em><\/li>\n<li>Michel FOURNY, <em>Stratigraphie (1)<\/em><\/li>\n<li>Michel FOURNY, <em>Mat\u00e9riel arch\u00e9ologique (2)<\/em><\/li>\n<li><em>Analyses en laboratoire et \u00e9tudes historiques (D)<\/em><\/li>\n<li>Francis ROBASZYNSKI, <em>Les craies (1)<\/em><\/li>\n<li>Jean HEIM, <em>Les semences contenues dans la couche de craie (2)<\/em><\/li>\n<li>M. BAGUETTE, <em>Les d\u00e9bris d\u2019insectes contenus dans la couche de craie (3)<\/em><\/li>\n<li>Robert PEUCHOT et Thierry DUPONT, <em>Les restes fauniques des couches (5a) et (5c) (4)<\/em><\/li>\n<li>Bernard GUEVORTS, Anne BUYLE, Robert PEUCHOT, <em>Les restes animaux (5)<\/em><\/li>\n<li>Anne BUYLE, <em>La viticulture \u00e0 Bruxelles au moyen \u00e2ge. \u00c9tat de la question (6)<\/em><\/li>\n<li>Michel FOURNY, <em>Le pochon de po\u00eale de Philippe de Cl\u00e8ves\u00a0: description<\/em><em> (7)<\/em><\/li>\n<li>Anne BUYLE, <em>\u00c9tude historique<\/em><\/li>\n<li>Anne BUYLE, <em>Localisation de l\u2019h\u00f4tel des Ravenstein rue de l\u2019\u00c9cuyer<\/em><\/li>\n<li>Anne BUYLE et Michel FOURNY, <em>Analyse d\u2019un fragment \u00e0 motif h\u00e9raldique (8)<\/em><\/li>\n<li>IV. <em>L\u2019\u00e9glise Notre-Dame du Finist\u00e8re<\/em><\/li>\n<li>Anne BUYLE, <em>Quelques donn\u00e9es historiques (1)<\/em><\/li>\n<li>Michel FOURNY, <em>La fouille (2)<\/em><\/li>\n<li>Fernand PARISEL, <em>L\u00e9sions osseuses pathologiques (3)<\/em><\/li>\n<\/ul>\n","protected":false},"excerpt":{"rendered":"<p>Annales de la Soci\u00e9t\u00e9 royale d\u2019Arch\u00e9ologie de Bruxelles\u00a0 \u2013 tome 59 \u2013 1994 LES FOUILLES R\u00c9CENTES DE LA SOCI\u00c9T\u00c9 Avant propos Une page de la vie de la Soci\u00e9t\u00e9 en 1913 I. Le site bruxellois dans la pr\u00e9histoire Michel FOURNY, La d\u00e9couverte (1) Paul HAESAERTS, Stratigraphie (2) Jean HEIM, \u00c9tude palynologique (3) B. Les tourbes [&#8230;]<\/p>\n","protected":false},"featured_media":13531,"comment_status":"open","ping_status":"closed","template":"","meta":[],"product_brand":[],"product_cat":[84,86],"product_tag":[],"class_list":{"0":"post-13565","1":"product","2":"type-product","3":"status-publish","4":"has-post-thumbnail","6":"product_cat-asrab","7":"product_cat-publications","9":"first","10":"instock","11":"taxable","12":"shipping-taxable","13":"purchasable","14":"product-type-simple"},"jetpack_sharing_enabled":true,"_links":{"self":[{"href":"https:\/\/srab.brussels\/index.php\/wp-json\/wp\/v2\/product\/13565","targetHints":{"allow":["GET"]}}],"collection":[{"href":"https:\/\/srab.brussels\/index.php\/wp-json\/wp\/v2\/product"}],"about":[{"href":"https:\/\/srab.brussels\/index.php\/wp-json\/wp\/v2\/types\/product"}],"replies":[{"embeddable":true,"href":"https:\/\/srab.brussels\/index.php\/wp-json\/wp\/v2\/comments?post=13565"}],"wp:featuredmedia":[{"embeddable":true,"href":"https:\/\/srab.brussels\/index.php\/wp-json\/wp\/v2\/media\/13531"}],"wp:attachment":[{"href":"https:\/\/srab.brussels\/index.php\/wp-json\/wp\/v2\/media?parent=13565"}],"wp:term":[{"taxonomy":"product_brand","embeddable":true,"href":"https:\/\/srab.brussels\/index.php\/wp-json\/wp\/v2\/product_brand?post=13565"},{"taxonomy":"product_cat","embeddable":true,"href":"https:\/\/srab.brussels\/index.php\/wp-json\/wp\/v2\/product_cat?post=13565"},{"taxonomy":"product_tag","embeddable":true,"href":"https:\/\/srab.brussels\/index.php\/wp-json\/wp\/v2\/product_tag?post=13565"}],"curies":[{"name":"wp","href":"https:\/\/api.w.org\/{rel}","templated":true}]}}