{"id":13560,"date":"2022-07-08T11:05:26","date_gmt":"2022-07-08T09:05:26","guid":{"rendered":"https:\/\/srab.brussels\/?post_type=product&#038;p=13560"},"modified":"2022-07-08T11:05:26","modified_gmt":"2022-07-08T09:05:26","slug":"tome-64-2002","status":"publish","type":"product","link":"https:\/\/srab.brussels\/index.php\/produit\/tome-64-2002\/","title":{"rendered":"Tome 64 &#8211; 2002"},"content":{"rendered":"<p><strong>Annales de la Soci\u00e9t\u00e9 royale d\u2019Arch\u00e9ologie de Bruxelles\u00a0 \u2013 tome 64 \u2013 2002<\/strong><\/p>\n<p>BRUXELLES PENDANT LA P\u00c9RIODE FRAN\u00c7AISE, Q<span class=\"capitales\">uelques aspects de la vie politique et judiciaire entre 1794 et 1814<\/span><\/p>\n<ul>\n<li>Bruno BERNARD, <em>Pr\u00e9face<\/em>, p.\u00a011-14<\/li>\n<li>Katia DE RIDDER, <em>\u00c9volution politique et sociale de la municipalit\u00e9 bruxelloise (1794-1814), <\/em>p.\u00a015-120<em>\u00a0<\/em><\/li>\n<li>Ariane THI\u00c9BAUT, <em>Le passeport et la circulation des personnes dans et hors du d\u00e9partement de la Dyle de 1800 \u00e0 1805<\/em>, p.\u00a0121-168<\/li>\n<li>Emmanuel BERGER, <em>Le tribunal correctionnel de Bruxelles sous le Directoire (1795-1799)<\/em>, p.\u00a0169-266<\/li>\n<li>Daphn\u00e9 PAR\u00c9E, <em>Une grande prison sous le r\u00e9gime fran\u00e7ais\u00a0: la maison centrale de d\u00e9tention de Vilvorde<\/em>, p.\u00a0267-368<\/li>\n<li>Bibliographie g\u00e9n\u00e9rale, p.\u00a0369-380<\/li>\n<\/ul>\n","protected":false},"excerpt":{"rendered":"<p>Annales de la Soci\u00e9t\u00e9 royale d\u2019Arch\u00e9ologie de Bruxelles\u00a0 \u2013 tome 64 \u2013 2002 BRUXELLES PENDANT LA P\u00c9RIODE FRAN\u00c7AISE, Quelques aspects de la vie politique et judiciaire entre 1794 et 1814 Bruno BERNARD, Pr\u00e9face, p.\u00a011-14 Katia DE RIDDER, \u00c9volution politique et sociale de la municipalit\u00e9 bruxelloise (1794-1814), p.\u00a015-120\u00a0 Ariane THI\u00c9BAUT, Le passeport et la circulation des [&#8230;]<\/p>\n","protected":false},"featured_media":13536,"comment_status":"open","ping_status":"closed","template":"","meta":[],"product_brand":[],"product_cat":[84,86],"product_tag":[],"class_list":{"0":"post-13560","1":"product","2":"type-product","3":"status-publish","4":"has-post-thumbnail","6":"product_cat-asrab","7":"product_cat-publications","9":"first","10":"instock","11":"taxable","12":"shipping-taxable","13":"purchasable","14":"product-type-simple"},"jetpack_sharing_enabled":true,"_links":{"self":[{"href":"https:\/\/srab.brussels\/index.php\/wp-json\/wp\/v2\/product\/13560","targetHints":{"allow":["GET"]}}],"collection":[{"href":"https:\/\/srab.brussels\/index.php\/wp-json\/wp\/v2\/product"}],"about":[{"href":"https:\/\/srab.brussels\/index.php\/wp-json\/wp\/v2\/types\/product"}],"replies":[{"embeddable":true,"href":"https:\/\/srab.brussels\/index.php\/wp-json\/wp\/v2\/comments?post=13560"}],"wp:featuredmedia":[{"embeddable":true,"href":"https:\/\/srab.brussels\/index.php\/wp-json\/wp\/v2\/media\/13536"}],"wp:attachment":[{"href":"https:\/\/srab.brussels\/index.php\/wp-json\/wp\/v2\/media?parent=13560"}],"wp:term":[{"taxonomy":"product_brand","embeddable":true,"href":"https:\/\/srab.brussels\/index.php\/wp-json\/wp\/v2\/product_brand?post=13560"},{"taxonomy":"product_cat","embeddable":true,"href":"https:\/\/srab.brussels\/index.php\/wp-json\/wp\/v2\/product_cat?post=13560"},{"taxonomy":"product_tag","embeddable":true,"href":"https:\/\/srab.brussels\/index.php\/wp-json\/wp\/v2\/product_tag?post=13560"}],"curies":[{"name":"wp","href":"https:\/\/api.w.org\/{rel}","templated":true}]}}