{"id":13557,"date":"2022-07-08T10:35:44","date_gmt":"2022-07-08T08:35:44","guid":{"rendered":"https:\/\/srab.brussels\/?post_type=product&#038;p=13557"},"modified":"2022-07-08T10:35:45","modified_gmt":"2022-07-08T08:35:45","slug":"tome-66-2003","status":"publish","type":"product","link":"https:\/\/srab.brussels\/index.php\/produit\/tome-66-2003\/","title":{"rendered":"Tome 66 &#8211; 2003"},"content":{"rendered":"<p><strong>Annales de la Soci\u00e9t\u00e9 royale d\u2019Arch\u00e9ologie de Bruxelles\u00a0 \u2013 tome 66 \u2013 2003<\/strong><\/p>\n<p><strong><a id=\"T66\" name=\"T66\"><\/a><\/strong>TABLES G\u00c9N\u00c9RALES DES PUBLICATIONS (1887 &#8211; 1999)<\/p>\n<ul>\n<li>Anne BUYLE et Louis PARIS, <em>Tables g\u00e9n\u00e9rales des publications de la Soci\u00e9t\u00e9 d\u2019Arch\u00e9ologie de Bruxelles\u00a0 (1887-1999)<\/em><\/li>\n<li>Avertissement, p.\u00a0XI<\/li>\n<li>Introduction g\u00e9n\u00e9rale, p.\u00a0XIII-XIX<\/li>\n<li>Louis PARIS, <em>Tables des publications de la Soci\u00e9t\u00e9 d\u2019Arch\u00e9ologie de Bruxelles (Annales-Annuaires) 1887-1911<\/em><\/li>\n<li>Avant \u2013propos, p.\u00a05-8<\/li>\n<li>Table analytique\u00a0des mati\u00e8res, p.\u00a09-107<\/li>\n<li>Table alphab\u00e9tiquepar noms d\u2019auteurs, p.\u00a0109-141<\/li>\n<li>Anne BUYLE, <em>Tables des publications de la Soci\u00e9t\u00e9 royale d\u2019Arch\u00e9ologie de Bruxelles, 1912-1999<\/em><\/li>\n<li>Avant-propos, p.\u00a0145-150<\/li>\n<li>Table analytique, p.\u00a0151-188<\/li>\n<li>Table des auteurs, p.\u00a0191-212<\/li>\n<\/ul>\n<p>La Soci\u00e9t\u00e9 royale d\u2019Arch\u00e9ologie de Bruxelles a fait para\u00eetre jusqu\u2019\u00e0 pr\u00e9sent deux tables de ses publications. La premi\u00e8re, \u00e9labor\u00e9e par Louis Paris, concernait les Annales et les Annuaires depuis 1887, ann\u00e9e de la cr\u00e9ation de l\u2019association, jusqu\u2019\u00e0 1911; la seconde, due \u00e0 Jos\u00e9phine Schouteden-W\u00e9ry, comportait le d\u00e9pouillement des onze premi\u00e8res ann\u00e9es des Bulletins (c\u2019est-\u00e0-dire de 1928 \u00e0 1938). Ces deux tables n\u2019ont pas \u00e9t\u00e9 ins\u00e9r\u00e9es dans la suite des tomaisons et num\u00e9ros des s\u00e9ries qu\u2019elles analysaient : elles ont \u00e9t\u00e9 \u00e9dit\u00e9es en tant que publications hors s\u00e9rie.<br \/>\nLes tables r\u00e9alis\u00e9es en ce d\u00e9but du XXI<span class=\"exposant\">e<\/span> si\u00e8cle constituent une suite chronologique de celles de Paris\u00a0: elles s\u2019arr\u00eatent au tome LXIII des Annales, paru en 1999, et au tome XXVI des Annuaires &#8211; le dernier qui ait \u00e9t\u00e9 publi\u00e9, en 1925. Pour ce qui est des Bulletins, ces tables englobent les ann\u00e9es d\u00e9j\u00e0 trait\u00e9es par Jos\u00e9phine Schouteden-W\u00e9ry et ceux qui ont paru jusqu\u2019en 1963. Elles comprennent \u00e9galement les deux livraisons des \u00e9ph\u00e9m\u00e8res <em>Annales d\u2019Arch\u00e9ologie M\u00e9dicale<\/em> que la Soci\u00e9t\u00e9 publia en 1923. Pr\u00e9cisons encore que les publications hors s\u00e9rie de la Soci\u00e9t\u00e9 Royale d\u2019Arch\u00e9ologie de Bruxelles et la nouvelle s\u00e9rie de Bulletins trimestriels (commenc\u00e9e en 1995) n\u2019ont pas \u00e9t\u00e9 d\u00e9pouill\u00e9es.<br \/>\nLes tables de Louis Paris sont \u00e0 l\u2019heure actuelle \u00e9puis\u00e9es. La Soci\u00e9t\u00e9 Royale d\u2019Arch\u00e9ologie de Bruxelles elle-m\u00eame n\u2019en poss\u00e8de plus que quelques rares exemplaires. C\u2019est pourquoi, elle a d\u00e9cid\u00e9 d\u2019en faire une reproduction anastatique et de la joindre aux nouvelles tables publi\u00e9es dans ce volume, le tome 66 des Annales. Le lecteur dispose ainsi d\u2019un instrument de recherche qui couvre les articles que la Soci\u00e9t\u00e9 a publi\u00e9s depuis sa cr\u00e9ation, dans les limites sp\u00e9cifi\u00e9es plus haut. Les deux tables sont diff\u00e9renci\u00e9es par un index gris\u00e9.<\/p>\n","protected":false},"excerpt":{"rendered":"<p>Annales de la Soci\u00e9t\u00e9 royale d\u2019Arch\u00e9ologie de Bruxelles\u00a0 \u2013 tome 66 \u2013 2003 TABLES G\u00c9N\u00c9RALES DES PUBLICATIONS (1887 &#8211; 1999) Anne BUYLE et Louis PARIS, Tables g\u00e9n\u00e9rales des publications de la Soci\u00e9t\u00e9 d\u2019Arch\u00e9ologie de Bruxelles\u00a0 (1887-1999) Avertissement, p.\u00a0XI Introduction g\u00e9n\u00e9rale, p.\u00a0XIII-XIX Louis PARIS, Tables des publications de la Soci\u00e9t\u00e9 d\u2019Arch\u00e9ologie de Bruxelles (Annales-Annuaires) 1887-1911 Avant [&#8230;]<\/p>\n","protected":false},"featured_media":13538,"comment_status":"open","ping_status":"closed","template":"","meta":[],"product_brand":[],"product_cat":[84,86],"product_tag":[],"class_list":{"0":"post-13557","1":"product","2":"type-product","3":"status-publish","4":"has-post-thumbnail","6":"product_cat-asrab","7":"product_cat-publications","9":"first","10":"instock","11":"taxable","12":"shipping-taxable","13":"purchasable","14":"product-type-simple"},"jetpack_sharing_enabled":true,"_links":{"self":[{"href":"https:\/\/srab.brussels\/index.php\/wp-json\/wp\/v2\/product\/13557","targetHints":{"allow":["GET"]}}],"collection":[{"href":"https:\/\/srab.brussels\/index.php\/wp-json\/wp\/v2\/product"}],"about":[{"href":"https:\/\/srab.brussels\/index.php\/wp-json\/wp\/v2\/types\/product"}],"replies":[{"embeddable":true,"href":"https:\/\/srab.brussels\/index.php\/wp-json\/wp\/v2\/comments?post=13557"}],"wp:featuredmedia":[{"embeddable":true,"href":"https:\/\/srab.brussels\/index.php\/wp-json\/wp\/v2\/media\/13538"}],"wp:attachment":[{"href":"https:\/\/srab.brussels\/index.php\/wp-json\/wp\/v2\/media?parent=13557"}],"wp:term":[{"taxonomy":"product_brand","embeddable":true,"href":"https:\/\/srab.brussels\/index.php\/wp-json\/wp\/v2\/product_brand?post=13557"},{"taxonomy":"product_cat","embeddable":true,"href":"https:\/\/srab.brussels\/index.php\/wp-json\/wp\/v2\/product_cat?post=13557"},{"taxonomy":"product_tag","embeddable":true,"href":"https:\/\/srab.brussels\/index.php\/wp-json\/wp\/v2\/product_tag?post=13557"}],"curies":[{"name":"wp","href":"https:\/\/api.w.org\/{rel}","templated":true}]}}