{"id":13549,"date":"2022-07-08T10:15:26","date_gmt":"2022-07-08T08:15:26","guid":{"rendered":"https:\/\/srab.brussels\/?post_type=product&#038;p=13549"},"modified":"2022-07-08T10:15:26","modified_gmt":"2022-07-08T08:15:26","slug":"tome-74-2016-2018","status":"publish","type":"product","link":"https:\/\/srab.brussels\/index.php\/produit\/tome-74-2016-2018\/","title":{"rendered":"Tome 74 &#8211; 2016-2018"},"content":{"rendered":"<p><strong>Annales de la Soci\u00e9t\u00e9 royale d\u2019Arch\u00e9ologie de Bruxelles\u00a0 \u2013 tome 74 \u2013 2016-2018<\/strong><\/p>\n<ul>\n<li>Pol DEFOSSE, <em>Les \u00ab ateliers sid\u00e9rurgiques \u00bb de la For\u00eat de Soignes<\/em>, p.\u00a09-69.<\/li>\n<li>Michel FOURNY et Didier MARTENS, <em>Les plus anciennes repr\u00e9sentations de l\u2019Aula Magna\u00a0de Bruxelles dans la peinture flamande des XVe et XVIe si\u00e8cles. Essai de bilan et nouvelles propositions<\/em>, p.\u00a071-117.<\/li>\n<li>Wendy FR\u00c8RE, <em>Jan van Delen (ca. 1635-1703), sculpteur de l\u2019\u00e9poque baroque. Essai monographique<\/em>, p.\u00a0119-157.<\/li>\n<li>Anne BUYLE, <em>Des \u0153uvres m\u00e9connues du sculpteur bruxellois Jacques Berg\u00e9 \u00e0 l\u2019\u00e9glise Notre-Dame d\u2019Alsemberg<\/em>, p.\u00a0159-193.<\/li>\n<li>Jean Marie PLUMER, <em>Enqu\u00eate sur les reliquaires \u00ab\u00a0pyramidaux\u00a0\u00bb de la cath\u00e9drale des Saints-Michel-et-Gudule. \u00c0 la recherche des origines, de Bruxelles \u00e0 San Lorenzo de El Escorial<\/em>, p.\u00a0195-243.<\/li>\n<\/ul>\n","protected":false},"excerpt":{"rendered":"<p>Annales de la Soci\u00e9t\u00e9 royale d\u2019Arch\u00e9ologie de Bruxelles\u00a0 \u2013 tome 74 \u2013 2016-2018 Pol DEFOSSE, Les \u00ab ateliers sid\u00e9rurgiques \u00bb de la For\u00eat de Soignes, p.\u00a09-69. Michel FOURNY et Didier MARTENS, Les plus anciennes repr\u00e9sentations de l\u2019Aula Magna\u00a0de Bruxelles dans la peinture flamande des XVe et XVIe si\u00e8cles. Essai de bilan et nouvelles propositions, p.\u00a071-117. [&#8230;]<\/p>\n","protected":false},"featured_media":13546,"comment_status":"open","ping_status":"closed","template":"","meta":[],"product_brand":[],"product_cat":[84,86],"product_tag":[],"class_list":{"0":"post-13549","1":"product","2":"type-product","3":"status-publish","4":"has-post-thumbnail","6":"product_cat-asrab","7":"product_cat-publications","9":"first","10":"instock","11":"taxable","12":"shipping-taxable","13":"purchasable","14":"product-type-simple"},"jetpack_sharing_enabled":true,"_links":{"self":[{"href":"https:\/\/srab.brussels\/index.php\/wp-json\/wp\/v2\/product\/13549","targetHints":{"allow":["GET"]}}],"collection":[{"href":"https:\/\/srab.brussels\/index.php\/wp-json\/wp\/v2\/product"}],"about":[{"href":"https:\/\/srab.brussels\/index.php\/wp-json\/wp\/v2\/types\/product"}],"replies":[{"embeddable":true,"href":"https:\/\/srab.brussels\/index.php\/wp-json\/wp\/v2\/comments?post=13549"}],"wp:featuredmedia":[{"embeddable":true,"href":"https:\/\/srab.brussels\/index.php\/wp-json\/wp\/v2\/media\/13546"}],"wp:attachment":[{"href":"https:\/\/srab.brussels\/index.php\/wp-json\/wp\/v2\/media?parent=13549"}],"wp:term":[{"taxonomy":"product_brand","embeddable":true,"href":"https:\/\/srab.brussels\/index.php\/wp-json\/wp\/v2\/product_brand?post=13549"},{"taxonomy":"product_cat","embeddable":true,"href":"https:\/\/srab.brussels\/index.php\/wp-json\/wp\/v2\/product_cat?post=13549"},{"taxonomy":"product_tag","embeddable":true,"href":"https:\/\/srab.brussels\/index.php\/wp-json\/wp\/v2\/product_tag?post=13549"}],"curies":[{"name":"wp","href":"https:\/\/api.w.org\/{rel}","templated":true}]}}