{"id":5336,"date":"2025-04-15T22:27:23","date_gmt":"2025-04-15T20:27:23","guid":{"rendered":"https:\/\/srab.brussels\/acfhab\/?page_id=5336"},"modified":"2025-04-15T22:27:23","modified_gmt":"2025-04-15T20:27:23","slug":"formations-a-venir","status":"publish","type":"page","link":"https:\/\/srab.brussels\/acfhab\/?page_id=5336","title":{"rendered":"Formations \u00e0 venir"},"content":{"rendered":"<p>Pr\u00e9sentations<\/p>\n<p>Comment s\u2019inscrire \u00e0 une future formation ?<br \/>\n(acc\u00e8s s\u00e9curis\u00e9 par identifiant et mot de passe)<\/p>\n","protected":false},"excerpt":{"rendered":"<p>Pr\u00e9sentations Comment s\u2019inscrire \u00e0 une future formation ? (acc\u00e8s s\u00e9curis\u00e9 par identifiant et mot de passe)<\/p>\n","protected":false},"author":1,"featured_media":0,"parent":0,"menu_order":0,"comment_status":"closed","ping_status":"closed","template":"","meta":{"footnotes":""},"class_list":["post-5336","page","type-page","status-publish","hentry"],"_links":{"self":[{"href":"https:\/\/srab.brussels\/acfhab\/index.php?rest_route=\/wp\/v2\/pages\/5336","targetHints":{"allow":["GET"]}}],"collection":[{"href":"https:\/\/srab.brussels\/acfhab\/index.php?rest_route=\/wp\/v2\/pages"}],"about":[{"href":"https:\/\/srab.brussels\/acfhab\/index.php?rest_route=\/wp\/v2\/types\/page"}],"author":[{"embeddable":true,"href":"https:\/\/srab.brussels\/acfhab\/index.php?rest_route=\/wp\/v2\/users\/1"}],"replies":[{"embeddable":true,"href":"https:\/\/srab.brussels\/acfhab\/index.php?rest_route=%2Fwp%2Fv2%2Fcomments&post=5336"}],"version-history":[{"count":1,"href":"https:\/\/srab.brussels\/acfhab\/index.php?rest_route=\/wp\/v2\/pages\/5336\/revisions"}],"predecessor-version":[{"id":5337,"href":"https:\/\/srab.brussels\/acfhab\/index.php?rest_route=\/wp\/v2\/pages\/5336\/revisions\/5337"}],"wp:attachment":[{"href":"https:\/\/srab.brussels\/acfhab\/index.php?rest_route=%2Fwp%2Fv2%2Fmedia&parent=5336"}],"curies":[{"name":"wp","href":"https:\/\/api.w.org\/{rel}","templated":true}]}}