{"id":5320,"date":"2025-04-15T22:20:08","date_gmt":"2025-04-15T20:20:08","guid":{"rendered":"https:\/\/srab.brussels\/acfhab\/?page_id=5320"},"modified":"2025-04-15T22:20:08","modified_gmt":"2025-04-15T20:20:08","slug":"comment-sinscrire-a-une-journee-detude","status":"publish","type":"page","link":"https:\/\/srab.brussels\/acfhab\/?page_id=5320","title":{"rendered":"Comment s\u2019inscrire \u00e0 une Journ\u00e9e d\u2019\u00e9tude\u00a0?"},"content":{"rendered":"<p>(acc\u00e8s s\u00e9curis\u00e9 par identifiant et mot de passe)<\/p>\n","protected":false},"excerpt":{"rendered":"<p>(acc\u00e8s s\u00e9curis\u00e9 par identifiant et mot de passe)<\/p>\n","protected":false},"author":1,"featured_media":0,"parent":0,"menu_order":0,"comment_status":"closed","ping_status":"closed","template":"","meta":{"footnotes":""},"class_list":["post-5320","page","type-page","status-publish","hentry"],"_links":{"self":[{"href":"https:\/\/srab.brussels\/acfhab\/index.php?rest_route=\/wp\/v2\/pages\/5320","targetHints":{"allow":["GET"]}}],"collection":[{"href":"https:\/\/srab.brussels\/acfhab\/index.php?rest_route=\/wp\/v2\/pages"}],"about":[{"href":"https:\/\/srab.brussels\/acfhab\/index.php?rest_route=\/wp\/v2\/types\/page"}],"author":[{"embeddable":true,"href":"https:\/\/srab.brussels\/acfhab\/index.php?rest_route=\/wp\/v2\/users\/1"}],"replies":[{"embeddable":true,"href":"https:\/\/srab.brussels\/acfhab\/index.php?rest_route=%2Fwp%2Fv2%2Fcomments&post=5320"}],"version-history":[{"count":1,"href":"https:\/\/srab.brussels\/acfhab\/index.php?rest_route=\/wp\/v2\/pages\/5320\/revisions"}],"predecessor-version":[{"id":5321,"href":"https:\/\/srab.brussels\/acfhab\/index.php?rest_route=\/wp\/v2\/pages\/5320\/revisions\/5321"}],"wp:attachment":[{"href":"https:\/\/srab.brussels\/acfhab\/index.php?rest_route=%2Fwp%2Fv2%2Fmedia&parent=5320"}],"curies":[{"name":"wp","href":"https:\/\/api.w.org\/{rel}","templated":true}]}}